 remainder when 61 is divided by 17.
10
Calculate the remainder when 672 is divided by 52.
48
Calculate the remainder when 339 is divided by 23.
17
Calculate the remainder when 9957 is divided by 83.
80
Calculate the remainder when 2182 is divided by 40.
22
What is the remainder when 111 is divided by 60?
51
What is the remainder when 46 is divided by 21?
4
Calculate the remainder when 204 is divided by 43.
32
What is the remainder when 3817 is divided by 1906?
5
What is the remainder when 23 is divided by 1?
0
What is the remainder when 2299 is divided by 25?
24
Calculate the remainder when 1666 is divided by 552.
10
What is the remainder when 54 is divided by 11?
10
What is the remainder when 2448 is divided by 1224?
0
Calculate the remainder when 21918 is divided by 10.
8
What is the remainder when 223 is divided by 22?
3
Calculate the remainder when 241 is divided by 61.
58
What is the remainder when 1507 is divided by 502?
1
Calculate the remainder when 457 is divided by 367.
90
What is the remainder when 1080 is divided by 373?
334
Calculate the remainder when 45 is divided by 10.
5
Calculate the remainder when 560 is divided by 78.
14
Calculate the remainder when 328 is divided by 30.
28
Calculate the remainder when 1469 is divided by 11.
6
Calculate the remainder when 226 is divided by 65.
31
What is the remainder when 549 is divided by 82?
57
What is the remainder when 120 is divided by 18?
12
What is the remainder when 603 is divided by 55?
53
What is the remainder when 1586 is divided by 23?
22
What is the remainder when 1205 is divided by 131?
26
What is the remainder when 931 is divided by 49?
0
Calculate the remainder when 1449 is divided by 5.
4
Calculate the remainder when 180 is divided by 59.
3
What is the remainder when 460 is divided by 4?
0
What is the remainder when 111 is divided by 86?
25
Calculate the remainder when 1680 is divided by 17.
14
Calculate the remainder when 287 is divided by 71.
3
What is the remainder when 191 is divided by 12?
11
Calculate the remainder when 921 is divided by 44.
41
Calculate the remainder when 115 is divided by 49.
17
Calculate the remainder when 85 is divided by 34.
17
Calculate the remainder when 193 is divided by 15.
13
What is the remainder when 428 is divided by 175?
78
Calculate the remainder when 3230 is divided by 62.
6
Calculate the remainder when 1881 is divided by 37.
31
What is the remainder when 922 is divided by 9?
4
Calculate the remainder when 1453 is divided by 306.
229
What is the remainder when 352 is divided by 6?
4
What is the remainder when 3716 is divided by 12?
8
What is the remainder when 1197 is divided by 20?
17
What is the remainder when 161 is divided by 24?
17
What is the remainder when 596 is divided by 32?
20
Calculate the remainder when 208 is divided by 30.
28
What is the remainder when 81 is divided by 25?
6
Calculate the remainder when 1290 is divided by 76.
74
What is the remainder when 12 is divided by 4?
0
What is the remainder when 686 is divided by 43?
41
What is the remainder when 43 is divided by 38?
5
Calculate the remainder when 131 is divided by 25.
6
Calculate the remainder when 1629 is divided by 102.
99
Calculate the remainder when 160 is divided by 23.
22
What is the remainder when 117 is divided by 30?
27
What is the remainder when 657 is divided by 84?
69
What is the remainder when 297 is divided by 54?
27
Calculate the remainder when 181 is divided by 17.
11
Calculate the remainder when 76 is divided by 24.
4
Calculate the remainder when 845 is divided by 29.
4
Calculate the remainder when 173 is divided by 64.
45
Calculate the remainder when 169 is divided by 81.
7
What is the remainder when 102 is divided by 35?
32
What is the remainder when 20 is divided by 13?
7
Calculate the remainder when 175 is divided by 41.
11
Calculate the remainder when 2239 is divided by 83.
81
What is the remainder when 317 is divided by 146?
25
Calculate the remainder when 315 is divided by 32.
27
What is the remainder when 514 is divided by 182?
150
Calculate the remainder when 104 is divided by 21.
20
What is the remainder when 1060 is divided by 12?
4
What is the remainder when 286 is divided by 34?
14
Calculate the remainder when 376 is divided by 97.
85
What is the remainder when 49730 is divided by 41?
38
What is the remainder when 69 is divided by 18?
15
Calculate the remainder when 4075 is divided by 24.
19
What is the remainder when 2226 is divided by 72?
66
What is the remainder when 211 is divided by 16?
3
What is the remainder when 43 is divided by 12?
7
What is the remainder when 1420 is divided by 29?
28
What is the remainder when 57 is divided by 32?
25
What is the remainder when 1757 is divided by 6?
5
What is the remainder when 214 is divided by 9?
7
Calculate the remainder when 495 is divided by 28.
19
Calculate the remainder when 612 is divided by 68.
0
What is the remainder when 62 is divided by 14?
6
What is the remainder when 284 is divided by 31?
5
What is the remainder when 1351 is divided by 21?
7
What is the remainder when 513 is divided by 255?
3
Calculate the remainder when 193 is divided by 65.
63
Calculate the remainder when 135 is divided by 30.
15
Calculate the remainder when 22527 is divided by 15.
12
What is the remainder when 87 is divided by 5?
2
What is the remainder when 1496 is divided by 167?
160
What is the remainder when 27 is divided by 14?
13
What is the remainder when 727 is divided by 184?
175
Calculate the remainder when 158 is divided by 32.
30
What is the remainder when 3108 is divided by 164?
156
Calculate the remainder when 691 is divided by 99.
97
What is the remainder when 375 is divided by 125?
0
Calculate the remainder when 712 is divided by 535.
177
What is the remainder when 99 is divided by 13?
8
Calculate the remainder when 27 is divided by 26.
1
Calculate the remainder when 2904 is divided by 132.
0
Calculate the remainder when 278 is divided by 33.
14
What is the remainder when 272 is divided by 133?
6
Calculate the remainder when 5821 is divided by 64.
61
Calculate the remainder when 1426 is divided by 17.
15
What is the remainder when 2102 is divided by 32?
22
What is the remainder when 629 is divided by 164?
137
What is the remainder when 54 is divided by 52?
2
Calculate the remainder when 1827 is divided by 6.
3
Calculate the remainder when 29295 is divided by 57.
54
Calculate the remainder when 352 is divided by 30.
22
Calculate the remainder when 79 is divided by 52.
27
What is the remainder when 3454 is divided by 38?
34
Calculate the remainder when 714 is divided by 11.
10
Calculate the remainder when 125 is divided by 36.
17
Calculate the remainder when 333 is divided by 48.
45
What is the remainder when 10643 is divided by 117?
113
Calculate the remainder when 1129 is divided by 35.
9
Calculate the remainder when 220 is divided by 91.
38
Calculate the remainder when 167 is divided by 56.
55
Calculate the remainder when 1384 is divided by 172.
8
What is the remainder when 34239 is divided by 32?
31
What is the remainder when 562 is divided by 194?
174
What is the remainder when 518 is divided by 219?
80
Calculate the remainder when 31877 is divided by 231.
230
What is the remainder when 1332 is divided by 658?
16
Calculate the remainder when 22 is divided by 13.
9
Calculate the remainder when 27765 is divided by 156.
153
Calculate the remainder when 14 is divided by 6.
2
What is the remainder when 2104 is divided by 700?
4
Calculate the remainder when 391 is divided by 189.
13
What is the remainder when 1108 is divided by 74?
72
Calculate the remainder when 55 is divided by 15.
10
What is the remainder when 25 is divided by 12?
1
Calculate the remainder when 993 is divided by 71.
70
Calculate the remainder when 43 is divided by 5.
3
What is the remainder when 1546 is divided by 43?
41
Calculate the remainder when 782 is divided by 87.
86
Calculate the remainder when 1051 is divided by 208.
11
Calculate the remainder when 170 is divided by 23.
9
What is the remainder when 46 is divided by 14?
4
What is the remainder when 765 is divided by 120?
45
What is the remainder when 2087 is divided by 60?
47
What is the remainder when 210 is divided by 29?
7
Calculate the remainder when 46 i